mmon factor of k and 290.
29
Suppose -5*v - 38 = -4*a - 115, -2*v = a - 36. What is the highest common divisor of v and 34?
17
Let i(k) be the first derivative of -11*k**2/2 + 9*k - 34. Let t be i(-6). What is the greatest common divisor of 30 and t?
15
Suppose -4*r + 36 = 3*v + 11, 3*v - r = 35. Suppose x - 2 = -x. Calculate the greatest common divisor of v and x.
1
Let b = -106 - -182. What is the greatest common divisor of b and 646?
38
Suppose 0 = 2*x - 12 + 4. Suppose -64 = -d - 4*m, -x*d + 0*m + 2*m = -184. Let i be ((-3)/1)/((-6)/d). Calculate the greatest common factor of 16 and i.
8
Let d be (5/(-15))/(2/(-36)). Let q(y) = -y + 4. Let c be q(-2). Calculate the highest common factor of d and c.
6
Let n(v) = -17*v + 29. Let t be n(-3). Let h be (2/4)/(2/(-16)). Let c be (1 - h)*(3 - -1). What is the highest common divisor of c and t?
20
Let l = 41 + -37. Suppose 2*q + t + 436 = 6*q, 2*t = -l*q + 448. Calculate the highest common divisor of 10 and q.
10
Let b be 34/(-4) - (-9)/(-18). Let w be 8/(-2) - -2 - b. Suppose -3*z = 2*s - w, 4*s - 2*z = z + 41. What is the highest common divisor of 88 and s?
8
Suppose -4*i + 186 = 2*l, 0 = -2*i + 5*i + 3*l - 144. What is the greatest common factor of 1665 and i?
45
Let o be -2 - 4*843/(-6). Suppose 7*g - o = 2*g. Calculate the highest common factor of 14 and g.
14
Suppose -13 - 5 = -4*s + t, s + 2*t - 9 = 0. Calculate the greatest common factor of s and 635.
5
Let d(o) = -11*o - 104. Let i be d(-17). Calculate the highest common divisor of i and 2.
1
Let r = -1 + 43. Suppose 0 = w - 5*z - 16, z - 12 = -5*w + r. What is the highest common factor of w and 187?
11
Let k = -12820 + 12910. Suppose 0 = -2*g + 2*d + 76, 2*g + 5*d - 36 - 26 = 0. What is the highest common factor of g and k?
18
Let j(a) = a**3 + 6*a**2 - 8*a - 4. Let i be j(-7). Let o(y) = 24*y. Let g be o(i). Suppose g = f + 2*f. What is the greatest common divisor of f and 3?
3
Suppose -4*h = -23 - 5. Let k be (-1 + h)/((-3)/(-14)). What is the greatest common divisor of k and 7?
7
Let h(n) = n**2 + 7*n. Let o be h(-4). Let u be (186/(-8))/(o/16). Calculate the greatest common divisor of 279 and u.
31
Suppose 5 + 15 = -4*n, -5 = -5*r - n. Suppose 0*k = r*k + 2. Let o = k - -16. Calculate the highest common factor of 15 and o.
15
Let k be ((-3)/(-20) - (-8)/32)*-135. Let h = 79 + k. Calculate the greatest common divisor of 5 and h.
5
Suppose -4*y + 2765 = 3*y. Calculate the highest common factor of y and 79.
79
Suppose 128*l + 7584 = 132*l. Calculate the greatest common factor of 24 and l.
24
Let n = -286 + 318. Calculate the greatest common factor of 16 and n.
16
Let t(d) = -2*d - 10. Let m be t(-6). Suppose -m*f - 106 = -4*l - 0*f, 5*l = 5*f + 125. Calculate the highest common factor of l and 7.
7
Let d(o) = -o**3 + o**2 + 2*o - 2. Let h be d(-6). Let q(i) = 20*i - 2. Let s be q(8). Let j = h - s. Calculate the greatest common factor of 16 and j.
16
Let s = 6888 + -6834. Let u = 131 + -50. Calculate the greatest common divisor of s and u.
27
Suppose 4*q - 22 = 3*a, 2*q = 5*a + 13 + 5. Let b(r) = r**2 + 2*r + 2. Let z be b(a). Let x = z - -38. Calculate the highest common divisor of 16 and x.
8
Let y be -5 - -5 - (0 - -2). Let t(u) = -u**3 - 3*u**2 - 4*u + 4. Let j be t(5). Let f be (1 - j) + 1 - y. Calculate the highest common factor of 20 and f.
20
Suppose 3*h + t = -2*h + 100, 5*t - 80 = -4*h. Suppose -y + 32 = 3*v, 2*v + 0*y - h = -2*y. Calculate the highest common factor of v and 11.
11
Let c be 56/6 + 4/(-3). Suppose k = -3 + c. Suppose 5*g - 2*g = 6, 30 = 4*u + 5*g. Calculate the greatest common divisor of u and k.
5
Let g(f) = f**3 + 5*f**2 - 31*f - 31. Let b be g(-8). Suppose 0 = 3*j + 5*y - 230, -2*j + 196 - 51 = -5*y. Calculate the highest common factor of b and j.
25
Let o be 2/5 + 48/5. Let p(d) = -d**3 - 6*d**2 - 12*d - 5. Let j = 13 - 18. Let q be p(j). Calculate the greatest common divisor of o and q.
10
Let o = 51 - 47. Let l(r) = -4 - 8 - 3*r - r. Let y be l(-6). What is the highest common divisor of o and y?
4
Let o(w) = 2*w**2 + 7*w - 7. Let g be o(-6). Let a = g - 18. Let t(j) = 2*j - 2. Let n be t(a). What is the greatest common factor of n and 16?
8
Let h(b) = -b + 24. Let l be h(8). Suppose -l = -0*r - 2*r - 2*y, 4*r = 2*y + 32. What is the highest common factor of 88 and r?
8
Let n(f) = f**3 + 14*f**2 + 4. Let l be n(-14). Suppose -4*r - 52 = -5*t, -5*r + 9 = -0*t + 3*t. What is the greatest common divisor of l and t?
4
Let t(b) = -6*b**3 - 29*b + 30*b - 4*b**2 + 2*b**2 + 2. Let p be t(-2). Calculate the greatest common factor of p and 16.
8
Let b(w) = -51*w + 3. Let v(n) = -n**3 + 6*n**2 + n - 7. Let d be v(6). Let r be b(d). Calculate the greatest common divisor of r and 6.
6
Suppose -3*f = a - 4092, 14*f + 16368 = 4*a + 10*f. Let u be (a/48)/(3/12). Let l(j) = 8*j - 1. Let h be l(4). What is the greatest common divisor of u and h?
31
Suppose -i + 3*c - 5*c = 0, 6 = -3*c. Suppose 180 = -2*d + i*d. Suppose 0*f - f = -d. Calculate the highest common divisor of 10 and f.
10
Let g(r) = r**2 - 10*r + 19. Let d be g(8). Let i = 489 - 99. Suppose -d*y + i = 2*y. What is the highest common factor of y and 26?
26
Suppose 3*j - 7*j + 224 = 0. Let a(b) be the third derivative of b**4/12 - b**3/2 - 44*b**2. Let c be a(5). What is the greatest common divisor of c and j?
7
Let a(u) = u**2 - 2*u + 4. Let f be a(0). Suppose -31 = -f*i + 5*b, 3*i + 16 - 37 = 3*b. Calculate the greatest common divisor of i and 4.
4
Suppose -2*o - 19 = -3*o. Let m(b) = -3*b**3 + 98*b**2 + 42*b - 145. Let j be m(33). What is the greatest common divisor of j and o?
19
Suppose 5414 + 3441 = 7*g. Calculate the greatest common divisor of 55 and g.
55
Let u(x) = 26 - 7*x**2 - 13 + 10*x + 3*x**3 - 4*x**3. Let i be u(-8). Let a be 115 + i + (1 - 3). What is the greatest common factor of a and 22?
22
Suppose 58*a - 70*a + 1344 = 0. Calculate the highest common factor of 14 and a.
14
Let z be -4*27/(-4) - -6. What is the highest common divisor of z and 165?
33
Let n be 2*(-1)/5*-5. Suppose -n*o + 102 = 46. What is the greatest common divisor of o and 28?
28
Suppose 3*a = -s + 16 - 0, -2*a + 34 = 3*s. Suppose -2*l + 546 = 5*w, -6*l = -5*w - 2*l + 558. Calculate the greatest common factor of w and s.
10
Let v = 193 + -116. Let o = 95 - 84. Calculate the greatest common divisor of v and o.
11
Suppose -2 = 4*l + 4*r - 58, 3*r + 8 = 2*l. Calculate the greatest common factor of l and 50.
10
Let q(t) = t**2 + 1. Let z be q(1). Suppose 0 + 0 = -7*i. Suppose 6*y - 5*y - 22 = i. What is the greatest common divisor of z and y?
2
Let h be 6 - (-2 + 0 - 9/(-3)). Suppose 0 = -h*z - 10 + 125. Calculate the greatest common factor of z and 92.
23
Let u = 143 + -111. What is the highest common divisor of 1152 and u?
32
Let k be (-4 + -2)*((-40)/6)/2. Calculate the highest common factor of k and 290.
10
Suppose -5*n = -0*n - 1035. Let i = n - 126. Suppose 3*s = 47 - 20. Calculate the highest common divisor of s and i.
9
Let y(t) = 157*t - 22. Let w be y(6). Suppose -5*g = 4*f - w - 199, f + 3*g = 285. Calculate the greatest common factor of f and 23.
23
Let s be 1/3 - (-71)/3. Let p be 274/(-6)*s/8. Let a be 2 - (p + (-2 - -1)). What is the highest common factor of a and 20?
20
Let v be (-220)/8*8/(-4). Suppose -v = -5*n + 65. Suppose n = -29*b + 33*b. What is the greatest common divisor of b and 2?
2
Let z(m) = -m**3 + 11*m**2 - 9*m + 16. Suppose -4*k + 50 = k. Let f be z(k). What is the highest common factor of f and 234?
26
Suppose 2*v + 43 = -5*n - 52, 2*v = 5*n + 115. Let x be -4 - -9 - (2 + -1). Let r be 7 - x - 6 - n. Calculate the highest common divisor of 144 and r.
18
Suppose -3*f + z + 63 = 0, -5*f - z - z = -94. Let u = 74 + -4. Calculate the greatest common factor of f and u.
10
Suppose 3*r + 0*r = -5*l + 10, -15 = -5*l - 2*r. Suppose 0 = -f + l*f - 252. Calculate the greatest common divisor of 21 and f.
21
Let x be 13 + -4 + (0 - 0). Suppose 0*k - k + 17 = 2*j, -2*j - 3*k + 27 = 0. What is the highest common divisor of x and j?
3
Suppose 4*o = j + 26, -12*o + 2 = -13*o - 4*j. What is the highest common factor of 10 and o?
2
Let v = -1322 - -1756. What is the greatest common divisor of 155 and v?
31
Let p(t) = -t**3 + 15*t**2 + 34*t - 12. Let j be p(14). W